+ 20*p - 1030. Give w(1).
-1
Let f(o) = -o**3 + o**2 + o + 12. Let j = -44 + 48. Suppose 6*k - k + 5 = 0, j*c + 1 = -k. What is f(c)?
12
Suppose 10*d = 4*m + 9*d + 62, -m = -2*d + 26. Let z(w) = -w**2 - 21*w - 99. What is z(m)?
-1
Suppose 6*o + 11*o = 782. Let c be (o/(-23))/((-2)/5). Let w(y) = -11*y + 7*y + y**2 + c + 9*y - 7. Calculate w(-5).
-2
Let j(f) = -8*f**2 - 7*f. Let a(h) = 17*h**2 + 15*h. Let l(m) = 6*a(m) + 13*j(m). Let n = -523414 - -523415. Determine l(n).
-3
Let z be (-4)/(-12) + 76/(-12) + -20. Let a(w) = -w**3 - 28*w**2 - 51*w + 25. Give a(z).
-1
Let c be (16 - (1 + -1)) + (5 - 1). Let o(x) = -c*x + 22*x + 0*x. Calculate o(-7).
-14
Let w(v) = v + 14. Let s be w(-12). Suppose 2*x + 108 = 8*x. Suppose 3*k - x = s*r, 2*r + k = -15 + 5. Let g(u) = -u**2 - 6*u - 8. Give g(r).
-8
Let l(v) = v**2 + 6*v. Suppose 3*h = 20*h - 51. Suppose h*k - 9 = 0, -12 = 3*d - k + 4*k. Calculate l(d).
7
Let i(d) = -5 - d**2 + 1 + 8*d - 1. Let l(k) = 591*k - 2949. Let s be l(5). What is i(s)?
7
Let d(b) = 2*b**2 + 2*b + 8. Let f(t) = -106*t**2 - 12*t - 35. Let p(v) = -4*d(v) - f(v). What is p(-1)?
97
Let j(z) = -19*z + 1. Let m = 17 + -5. Let c(i) = i**3 + i**2 - 10*i + 8. Let l be c(3). Suppose 4*b = -5*t + l, 0*b = 4*b + 4*t - m. Calculate j(b).
-18
Suppose -45 + 31 = 14*p. Let j(x) be the second derivative of 2*x**4/3 + x**3/6 + x**2/2 - 15*x. Determine j(p).
8
Let m(k) = -13 - 10 + 0 + 10 + 7*k - 10. Give m(5).
12
Let w(n) = -18 + 2*n**2 + 6*n - 7*n + 29 + 3*n + 12 - n**3. Give w(0).
23
Let c(l) = -25*l + 625. Let y be c(25). Let b(w) be the first derivative of 0*w**2 + 1/3*w**3 + y*w + 4. What is b(-1)?
1
Let q(l) be the second derivative of -l**3 + 2*l**2 + 3*l. Let i(u) = 163*u - 16. Let x be i(1). Suppose 3*d = 156 - x. Calculate q(d).
-14
Let b = 18101 - 18099. Let l(c) = 68*c - 136. Determine l(b).
0
Let d(y) = -4*y + 1. Let v(t) = 25*t - 6 - 6 - 1 + 12 - 6. Let m(o) = 5*d(o) + v(o). Determine m(3).
13
Let y = 245 + -280. Let i be (y/14)/(1/2). Let b(s) = s**2 - 5*s + 4. Let l(z) = -z**2 - z. Let f(c) = -b(c) - 2*l(c). Determine f(i).
-14
Suppose -6*a = -a + 5*g - 105, -3*a - g = -53. Suppose 5*y + 3 = 2*y, -4*y + a = 5*l. Let p(z) = z**2 - 5*z + 7. Calculate p(l).
3
Let l(c) = -13*c - 82. Let i(o) = -2*o - 13. Let z(y) = -38*i(y) + 6*l(y). Let n be 27/12 + (-27)/(-36). Give z(n).
-4
Let u(i) = 4*i - 4. Let g(f) = 3*f - 4. Let s(y) = 5*g(y) - 4*u(y). Let v be 212*(-9)/(-27) + 4/(-6). Let r = 61 - v. Determine s(r).
5
Let k(l) = 8*l - 4. Let h(g) = -g + 1. Let r(a) = -5*h(a) - k(a). Suppose 3 = 11*m - 30. Suppose -2*d - d - 5*z = 3, m = -3*d - 3*z. Give r(d).
2
Let z(y) = -y - 6. Let x(c) = c + 3. Suppose 5*g - 3 = -38. Let t(o) = g*x(o) - 3*z(o). Suppose -4*j = -7*j - 9. Give t(j).
9
Suppose -58 = 5*r - 138. Let m be (2/(-6))/(r/(-96)). Let q(v) = 3*v**2 - v. Calculate q(m).
10
Let p(i) = 5*i + 16. Let o = -129 - -126. What is p(o)?
1
Let o(s) be the second derivative of s**4/12 - 7*s**3/3 + 33*s**2/2 - 7930*s. What is o(3)?
0
Let x = 14689 + -14702. Let w(f) = -f**2 - 7*f + 42. Calculate w(x).
-36
Let k(r) = -r**2 - 4*r + 8. Let x = 157 - 157. Suppose -b + x*b = 5*n, -2*b - n - 9 = 0. Determine k(b).
3
Let q(x) be the third derivative of -29*x**4/24 - x**3/2 + 1016*x**2. Determine q(0).
-3
Suppose -4*p = -5*r - 1864 + 32, 1832 = 4*p + 4*r. Let b be (-5)/(-2) + (-2)/4. Let t(w) = -4*w**2 + 3*w**2 + 456 - 2*w**3 - p - b*w. What is t(-2)?
14
Let w(a) = -a**3 - 2*a**2 + 3*a - 1. Let j(l) = l**3 + 3*l**2 - 3*l + 1. Let z(o) = -5*j(o) - 6*w(o). What is z(3)?
-8
Suppose 5*a = 8*a + 12. Let y(x) = x**2 - 10*x + 3. Let g be y(10). Let m(j) = -1 + 4*j**2 - 12*j**3 - 4*j**g - j**2 - 4*j + 17*j**3. Calculate m(a).
-1
Suppose 10*o - 11*o + l - 1 = 0, 3*o - 11 = -4*l. Let h(q) = 4*q. Let f(c) = -2*c**2 - 21*c + 3. Let b(w) = o*f(w) + 6*h(w). What is b(4)?
-17
Let v = -174 - -172. Let k(o) = 2*o**3 + 6*o**2 + 5*o - 3. Let h be k(v). Let l(c) = c**3 + 6*c**2 + 5*c - 5. Calculate l(h).
-5
Let s(v) = 2*v**2 - 14*v + 3. Let c be (2/6)/(833/1386 + (-12)/22). Calculate s(c).
-9
Let k(p) be the first derivative of -p**3/3 - 13*p**2/2 - 17*p - 814. Calculate k(-8).
23
Let u(y) = y**3 + y**2. Let q(c) = 4*c**3 - 2*c**2 - 5*c + 7. Let h(v) = -q(v) + 3*u(v). Suppose 0 = 51*z - 170 - 211 + 126. Calculate h(z).
18
Let t(s) = 90*s**2 - 76*s**2 - s**3 + s**3 + s**3 - 2 - s. Let i(l) = l**3 + 13*l**2 - 1. Let o(q) = 3*i(q) - 2*t(q). Calculate o(-11).
-21
Let t(y) = -10*y**3 + 84*y**2 - 89*y - 191. Let w(d) = -3*d**3 + 28*d**2 - 29*d - 64. Let b(f) = 2*t(f) - 7*w(f). What is b(27)?
12
Let w(v) = 14*v**3 - 1. Let u(y) = -2*y**3 + 12*y**2 - y + 4. Let i be u(6). Let t be 7/((-7)/2)*1/i. What is w(t)?
13
Let y(z) be the second derivative of -1 - 5/3*z**3 - 4*z**2 - 1/20*z**5 - 7*z - 2/3*z**4. Determine y(-7).
13
Let k(p) = -4*p**3 + 5*p**2 - 20*p + 13. Let b(d) = 3*d**3 - 4*d**2 + 16*d - 14. Let j(a) = 5*b(a) + 4*k(a). What is j(0)?
-18
Let d be 8/(-20) + 26/(-10). Let u(f) be the first derivative of 2/3*f**3 + 2*f**2 + 41 + 2*f. Give u(d).
8
Let f(s) be the second derivative of -s**5/20 + 3*s**4/4 - 2*s**3 + 6*s**2 - 4*s + 71. Give f(8).
-20
Let h(c) = -c**2 - 137*c - 7. Let z be h(-137). Let a(p) = 2 + 2*p**2 + 7*p - p**2 + 1. Give a(z).
3
Let t(l) be the first derivative of 5*l - 1/3*l**3 - 3/2*l**2 - 1. Suppose 2*p = z - 15, 4*p - 3 + 8 = -3*z. What is t(p)?
-5
Let v(w) = -14*w**2 + 2*w + 2. Suppose -16*i - 13 = -21 + 40. Give v(i).
-58
Let r be (-1 + -2)*(-30)/45. Let c(a) = 0 + 6*a + a**r - 2 + 0. Suppose -55*v = -59*v - 24. Give c(v).
-2
Let q be 1 - 2 - (-5)/1. Suppose 0*r + 3*r = -4*a + 5, 3*a - 10 = 4*r. Let y(d) = 9 - 4 - a*d - 3. Calculate y(q).
-6
Let m(z) = 305*z + 7015. Let d be m(-23). Let b(w) = 4*w**3 - 3*w**3 - 6 + 2 - 4. Give b(d).
-8
Let s(v) = v**2 - 12. Suppose 5*a = -638 + 633. Let x(i) = -2. Let w be 2/2*(0 + 4). Let m(q) = a*s(q) + w*x(q). What is m(0)?
4
Let b = -1995 + 1993. Let w(q) = 2*q**3 + q**2 + q + 2. Calculate w(b).
-12
Let t = 43856 + -43851. Let h(u) be the second derivative of -u**4/6 + 4*u**3/3 - 3*u**2/2 - 2*u. What is h(t)?
-13
Let r(m) = 7 + 26*m + 19*m - 46*m. Let b = 725 + -725. Determine r(b).
7
Let w(u) = -11*u + 34. Let c(f) = 2*f**3 + 3*f**2 + 6*f - 7. Let t be c(1). Calculate w(t).
-10
Let m(f) = 11*f + 190. Let t(q) = -23*q - 413. Let l(w) = 9*m(w) + 4*t(w). Determine l(-6).
16
Suppose -5*d = s - 6*s - 5, 3*s = -3*d + 3. Suppose 0 = -y - d + 3. Let h(n) = -7 - 3*n**2 + 5 + 2*n**y - 4*n - 5. Calculate h(-5).
-12
Let m(s) = s**2 + 4*s - 17. Let c be (22/(-66))/((-4)/(-6)*(-3)/36). Determine m(c).
43
Let p(o) = 2*o**2 - 3*o + 1. Suppose 0 = -0*y - 4*y + 8. Let x = -7125 - -7135. Suppose -7*s + x = -y*s. Calculate p(s).
3
Let p(m) = -m - 3. Let f be (15/(-9) + 1)*3. Let i be ((-3)/f)/(-3)*12. Let x be (3/i)/(1/14). Determine p(x).
4
Let s(a) = -237 - 248 - a**2 + 731 + a**3 - 241. Suppose 2*u = w, 4*w = -u - u. Calculate s(u).
5
Let v(b) be the first derivative of 3*b**2/2 - 3*b - 35. Let x(i) = 9*i - 8. Let p(f) = 15*v(f) - 6*x(f). Give p(2).
-15
Let d(s) = -13*s + 73. Let i(x) = 332 + 4*x - 350 - x. Let z(k) = -2*d(k) - 9*i(k). What is z(14)?
2
Let y = 159 - 166. Let m(c) = -c**2 + c + 0*c - 9*c. Calculate m(y).
7
Suppose -17*w - 39*w = 186*w - 1694. Let h(k) = 2*k - 7. What is h(w)?
7
Suppose 27*t - 10 = t + 250. Let q(g) = -g. Let p(u) = 4*u - 10. Let z(b) = p(b) + 2*q(b). Calculate z(t).
10
Let j(z) = 11*z + 9. Let r(d) be the first derivative of d**2/2 + 45. Let a(v) = j(v) - 4*r(v). Determine a(-6).
-33
Let x(c) = 5*c - 2. Let h(d) = 6*d - 3. Let k(s) = s - 10. Suppose -5*v + 24 = -v. Let r be k(v). Let b(i) = r*h(i) + 5*x(i). What is b(0)?
2
Let q(r) = r - 22. Suppose 0 = -19*a + 34*a - 45. Suppose 0 = -15*x + a + 387. Determine q(x).
4
Let w(h) be the second derivative of -7/60*h**5 - 2/3*h**3 - 13*h - 1/120*h**6 - 1/3*h**4 + 5*h**2 + 0. Let f(y) be the first derivative of w(y). What is f(-5)?
-14
Let s(t) = -2*t**2 + 2*t - 9. Let u(g) = 6*g**2 - 13*g + 28. Let y(q) = 7*s(q) + 2*u(q). What is y(-4)?
9
Let c(o) = -6*o - 54. Let v(a) = 14*a + 109. Let h(d) = -5*c(d) - 3*v(d). Give h(-5).
3
Let f(k) be the second derivative of -k**3/6 - 7*k**2/2 - k. Let j = 4454 - 4457. What is f(j)?
-4
Let x(i) be the third derivat